{"id":68,"date":"2024-09-13T15:07:40","date_gmt":"2024-09-13T15:07:40","guid":{"rendered":"https:\/\/www.praxis-hauer-schwarz.de\/?page_id=68"},"modified":"2024-09-13T15:20:24","modified_gmt":"2024-09-13T15:20:24","slug":"impressum","status":"publish","type":"page","link":"https:\/\/www.praxis-hauer-schwarz.de\/?page_id=68","title":{"rendered":"Impressum"},"content":{"rendered":"\n<p><strong>Berufsaus\u00fcbungsgemeinschaft W. Schwarz \/ D. Hauer<\/strong><br>Doreen Hauer \u2013 Fach\u00e4rztin f\u00fcr Psychiatrie und Psychotherapie<br>Wolfgang Schwarz \u2013 Facharzt f\u00fcr Neurologie<br>Lena Jan\u00dfen (angest. \u00c4rztin) \u2013 Fach\u00e4rztin f\u00fcr Neurologie<\/p>\n\n\n\n<p>Kuhlenstra\u00dfe 2<br>26655 Westerstede<\/p>\n\n\n\n<p>Tel.:\u00a0<a href=\"tel:+49448872999\">04488\/72999<\/a><\/p>\n\n\n\n<p>Mail:\u00a0<a href=\"mailto:anmeldung@praxis-hauer-schwarz.de\">anmeldung@praxis-hauer-schwarz.de<\/a><\/p>\n\n\n\n<h4 class=\"wp-block-heading\"><strong>Aufsichtsbeh\u00f6rde<\/strong><\/h4>\n\n\n\n<p>Die Berufsbezeichnung \u201eArzt\u201c wurde uns in Deutschland verliehen. Zust\u00e4ndige Aufsichtsbeh\u00f6rden dieser Praxis:<\/p>\n\n\n\n<ul class=\"wp-block-list\">\n<li>\u00c4rztekammer Niedersachsen (<a href=\"https:\/\/www.aekn.de\/\">www.aekn.de<\/a>), dort steht die Berufsordnung zur Ansicht bzw. Download bereit<\/li>\n\n\n\n<li>Kassen\u00e4rztliche Vereinigung Niedersachsen (<a href=\"https:\/\/www.kvn.de\/\">www.kvn.de<\/a>)<\/li>\n<\/ul>\n","protected":false},"excerpt":{"rendered":"<p>Berufsaus\u00fcbungsgemeinschaft W. Schwarz \/ D. HauerDoreen Hauer \u2013 Fach\u00e4rztin f\u00fcr Psychiatrie und PsychotherapieWolfgang Schwarz \u2013 Facharzt f\u00fcr NeurologieLena Jan\u00dfen (angest. \u00c4rztin) \u2013 Fach\u00e4rztin f\u00fcr Neurologie Kuhlenstra\u00dfe 226655 Westerstede Tel.:\u00a004488\/72999 Mail:\u00a0anmeldung@praxis-hauer-schwarz.de Aufsichtsbeh\u00f6rde Die Berufsbezeichnung \u201eArzt\u201c wurde uns in Deutschland verliehen. Zust\u00e4ndige Aufsichtsbeh\u00f6rden dieser Praxis:<\/p>\n","protected":false},"author":1,"featured_media":0,"parent":0,"menu_order":0,"comment_status":"closed","ping_status":"closed","template":"","meta":{"footnotes":""},"class_list":["post-68","page","type-page","status-publish","hentry"],"_links":{"self":[{"href":"https:\/\/www.praxis-hauer-schwarz.de\/index.php?rest_route=\/wp\/v2\/pages\/68","targetHints":{"allow":["GET"]}}],"collection":[{"href":"https:\/\/www.praxis-hauer-schwarz.de\/index.php?rest_route=\/wp\/v2\/pages"}],"about":[{"href":"https:\/\/www.praxis-hauer-schwarz.de\/index.php?rest_route=\/wp\/v2\/types\/page"}],"author":[{"embeddable":true,"href":"https:\/\/www.praxis-hauer-schwarz.de\/index.php?rest_route=\/wp\/v2\/users\/1"}],"replies":[{"embeddable":true,"href":"https:\/\/www.praxis-hauer-schwarz.de\/index.php?rest_route=%2Fwp%2Fv2%2Fcomments&post=68"}],"version-history":[{"count":2,"href":"https:\/\/www.praxis-hauer-schwarz.de\/index.php?rest_route=\/wp\/v2\/pages\/68\/revisions"}],"predecessor-version":[{"id":71,"href":"https:\/\/www.praxis-hauer-schwarz.de\/index.php?rest_route=\/wp\/v2\/pages\/68\/revisions\/71"}],"wp:attachment":[{"href":"https:\/\/www.praxis-hauer-schwarz.de\/index.php?rest_route=%2Fwp%2Fv2%2Fmedia&parent=68"}],"curies":[{"name":"wp","href":"https:\/\/api.w.org\/{rel}","templated":true}]}}

<p><strong>Berufsausübungsgemeinschaft W. Schwarz / D. Hauer</strong><br>Doreen Hauer – Fachärztin für Psychiatrie und Psychotherapie<br>Wolfgang Schwarz – Facharzt für Neurologie<br>Lena Janßen (angest. Ärztin) – Fachärztin für Neurologie</p>



<p>Kuhlenstraße 2<br>26655 Westerstede</p>



<p>Tel.: <a href="tel:+49448872999">04488/72999</a></p>



<p>Mail: <a href="mailto:anmeldung@praxis-hauer-schwarz.de">anmeldung@praxis-hauer-schwarz.de</a></p>



<h4 class="wp-block-heading"><strong>Aufsichtsbehörde</strong></h4>



<p>Die Berufsbezeichnung „Arzt“ wurde uns in Deutschland verliehen. Zuständige Aufsichtsbehörden dieser Praxis:</p>



<ul class="wp-block-list">
<li>Ärztekammer Niedersachsen (<a href="https://www.aekn.de/">www.aekn.de</a>), dort steht die Berufsordnung zur Ansicht bzw. Download bereit</li>



<li>Kassenärztliche Vereinigung Niedersachsen (<a href="https://www.kvn.de/">www.kvn.de</a>)</li>
</ul>

<p>Berufsausübungsgemeinschaft W. Schwarz / D. HauerDoreen Hauer – Fachärztin für Psychiatrie und PsychotherapieWolfgang Schwarz – Facharzt für NeurologieLena Janßen (angest. Ärztin) – Fachärztin für Neurologie Kuhlenstraße 226655 Westerstede Tel.: 04488/72999 Mail: anmeldung@praxis-hauer-schwarz.de Aufsichtsbehörde Die Berufsbezeichnung „Arzt“ wurde uns in Deutschland verliehen. Zuständige Aufsichtsbehörden dieser Praxis:</p>
